- -3))?
-4
16 + -8 + (-5 - 1 - 9)
-7
(-4 + 1 + 1 - -5) + 1
4
What is the value of 1 + 3 + -6 + -1?
-3
What is -52 - -46 - (-1 - 1)?
-4
What is 11 + 4 + -11 - (-4 + 2)?
6
What is the value of (17 - 9) + -24 + 11?
-5
What is 3 + (-1 - -7 - (5 - 1))?
5
What is 0 + -8 + 1 - (74 + -89)?
8
What is 5 - (-2 - -15) - -2?
-6
What is 1 - (0 + (-6 - -4))?
3
What is 0 - -7 - (35 + -16 - 17)?
5
(-2 + (4 - -2) - 3) + -3
-2
Evaluate 5 - (7 + -1 - -2) - -7.
4
What is the value of (0 - 5) + 5 + 1?
1
-4 + -10 + 2 + 4
-8
What is (-7 - 6) + 5 + 5?
-3
Calculate (8 - 0) + -7 + 0 + 3.
4
Evaluate -6 + -5 + -8 + 12.
-7
Evaluate (-6 - (1 + -1)) + 0.
-6
Evaluate -5 - 0 - (5 + -6).
-4
What is the value of 5 + 4 + 6 + -4 + -3?
8
What is the value of -5 + (0 - -1) + 5?
1
-9 + (9 - 3) - -2
-1
-1 + (0 - -2) - -2 - 3
0
Calculate (-5 - 1) + 1 + (23 - 16).
2
Calculate 4 - (-4 + 5 + 0) - -2.
5
What is -5 - (16 + -14 + (3 - 12))?
2
(0 - -2 - -2) + 7 + -7
4
Calculate -14 + 7 - -7 - (1 - -3).
-4
What is the value of -1 + (3 - -3) + -6?
-1
(-1 - 2 - 1) + 1 + -5
-8
What is 8 - (-1 - -8 - 2)?
3
-2 - (9 + 5 + -16)
0
(32 - 32) + 0 + 5
5
Evaluate -1 + -3 + -3 + (0 - -4).
-3
What is (0 - 2) + (4 + 22 - 16)?
8
What is the value of 0 - (1 - -3 - 1)?
-3
-15 + -1 + 19 - (0 + 0)
3
Evaluate (-2 - -9) + (-2 - -1).
6
What is 3 - (-6 + -9) - 11?
7
What is the value of -3 + (0 - 7) + 8?
-2
What is 2 - (-5 - (0 - 5))?
2
What is (-8 - (4 + -11)) + -3?
-4
What is the value of 0 - (-1 + (2 - -3)) - -6?
2
-2 + 4 + 0 + -4
-2
What is 0 - (-4 + 4 - 0) - -4?
4
What is 6 + -2 + 5 + -5?
4
Evaluate -9 + (9 - (5 - 1)).
-4
Calculate -44 + 40 + (2 - (1 + 2)).
-5
What is the value of (0 - -1) + 0 + -102 + 106?
5
Evaluate (-178 - -179) + (0 + 0 - 0).
1
What is 5 + -11 + -2 + 4?
-4
Evaluate (-3 - -5) + 3 - (-2 + 4).
3
Calculate 0 + 0 + (2 - 4).
-2
0 + -6 + 2 + 1 + 3
0
Evaluate (13 - 8) + (-18 - -17).
4
7 - (-3 + (10 - 4) - -1)
3
What is 3 + 2 + -3 + -3 + 5?
4
Calculate 6 + -1 - 1 - 1.
3
11 + -5 + (-4 - -1)
3
Evaluate -7 + -5 + 8 - (-1 - 0).
-3
Evaluate (-2 - -3 - 2) + 3.
2
Evaluate 2 + -2 - (0 + -8 + 3).
5
What is the value of (-7 - -5) + -4 + 2?
-4
What is the value of 6 + (2 - 3) + -5?
0
3 + (-1 - -2) + 1
5
-3 + 0 - (4 - 6 - 0)
-1
-1 - (-5 - -5) - 1
-2
Calculate -2 + -1 + 4 + 2 + 1.
4
-1 - ((-6 - -5 - -5) + -1)
-4
What is the value of -2 + 5 + 0 + -4?
-1
0 - (-3 + -1 + 4 + -3)
3
Evaluate 0 + (4 + -10 - (1 + -5)).
-2
Calculate 2 - -2 - -2 - (18 - 18).
6
What is -7 + (10 - 20 - -11)?
-6
-4 - (-5 - -1) - 2
-2
Evaluate (-9 - -1) + 2 + 3 + 2.
-1
Calculate 2 + (-4 - -5) + -3.
0
What is the value of 1 + (3 - 2) + -8?
-6
Calculate -5 + 0 + -23 + 3 + 16.
-9
Evaluate -10 + (-5 - -23) + -3.
5
What is (11 - 9) + -2 + -1?
-1
324 + -316 - (0 + (0 - -3))
5
Evaluate (13 - (-3 - -27)) + 8.
-3
Evaluate 4 + -1 - (-1 + 6).
-2
Calculate 7 + -6 + 0 + -1.
0
Evaluate (1 - (2 + 0)) + 0.
-1
Evaluate 1 + (-5 - -1) + (-24 - -31).
4
What is -42 + 42 + (-6 - (0 - 2))?
-4
What is 0 + 14 + -69 + 63?
8
Evaluate (-3 - -3) + -2 - 3.
-5
Evaluate -1 + (-1 - -4 - (-17 + 17)).
2
Evaluate 1 + 5 - (-66 - -68).
4
What is the value of -4 - (0 - 2) - (3 + -2)?
-3
Calculate (-13 - (8 + -20)) + 7.
6
Calculate -9 + 4 - -9 - 0.
4
6 + -4 - (1 - 2 - 2)
5
-5 + 2 + -1 + 7
3
What is the value of -10 - (7 + (-17 - 8))?
8
(-1 - -4) + -8 - 0
-5
(-4 - -1) + 6 + -4
-1
What is 8 - (23 + -5 - 11)?
1
Calculate 2 - (-8 + 3 + 3 - 0).
4
-1 + 1 + 4 + 1 + 0
5
Calculate 0 + (-3 + (-7 - 6) - -8).
-8
Calculate (8 - 5) + -8 + 1 + 0.
-4
Evaluate (-11 - -15) + (2 - 4) + 0.
2
Evaluate (3 - 2) + -2 + 5 + -5.
-1
Evaluate 6 + (5 - 5 - 3).
3
What is the value of -8 + 0 + 1 - (19 + -25)?
-1
Evaluate 0 + 4 - (-2 - -3).
3
(3 - -7) + -10 - -5
5
1 - (3 + (-3 - -4) + -7)
4
What is 4 - 0 - (5 + 21 + -28)?
6
-7 + 4 + -3 + (13 - 14)
-7
3 + (-1 - (-4 + (4 - 1)))
3
What is 12 - 18 - (-2 + -4)?
0
Calculate 4 + 8 + -10 + -4.
-2
What is -7 - (-4 + (0 - -2))?
-5
What is the value of (5 - 0) + -1 + 5?
9
Evaluate 0 + -1 + 8 - 6.
1
What is (-12 + 7 - -6) + 1?
2
Evaluate 7 + (5 - 4) + -3 + 0.
5
What is -6 + (6 + -1 - -1 - -1)?
1
Evaluate (17 - 18) + (-2 - 0).
-3
What is the value of 0 + -4 + -4 + 7 - -6?
5
What is the value of 2 - (-1 + 3 + 1)?
-1
Calculate (2 - 2 - (-3 + 5)) + 3.
1
Evaluate 1 + (-2 + -5 - -8).
2
Calculate 4 - 8 - -5 - (-3 + -2).
6
Calculate -80 + 69 + (0 - -4) - -2.
-5
Evaluate 19 + -18 + (1 - 1).
1
Calculate 6 - 2 - (1 + 4).
-1
What is the value of 9 - 6 - (-2 + -2)?
7
What is 7 + -4 + 1 + -3 - 0?
1
-7 - (-3 - (4 - (-2 - -7)))
-5
What is the value of (-12 - -8) + (-2 - 2 - -3)?
-5
Evaluate -14 + 2 + -4 + 5 - -6.
-5
Evaluate 16 + -22 - (-4 + -4).
2
Calculate 5 - (8 - (-3 + 7)).
1
9 + (12 - (8 - -5))
8
Calculate (1 - 6) + 2 - -12.
9
Evaluate (-16 - -19) + (1 - 1) + 0.
3
What is the value of -14 - -19 - (7 - 4)?
2
Calculate (-37 - -33) + -3 + 1.
-6
What is -3 - (2 + -2 - (8 + -3))?
2
What is (5 - -1) + 1 + -2?
5
What is the value of 3 + 14 + 3 + -16?
4
Calculate (10 - 7) + (-1 - (4 + 2)).
-4
Calculate -5 + 2 + 3 + -3 - -1.
-2
Calculate 2 + -6 + 3 + 0.
-1
7 + -5 - (-4 + -3 - -3)
6
Evaluate 7 + (0 - 1) + -1.
5
What is the value of 0 + -4 + -1 - (89 + -90)?
-4
What is the value of -6 + -1 + 1 + -18 + 21?
-3
Calculate -3 + 9 + -3 - 3.
0
What is the value of -5 - (7 + (3 - 7) + -2)?
-6
Evaluate -1 + 12 + -3 - 14.
-6
Evaluate -6 - (0 + -6 + (-11 - -5)).
6
-8 + (14 - 6 - 4)
-4
Evaluate -6 - (-12 - (7 - 4) - -6).
3
Calculate 0 + 0 + -3 + -49 + 53.
1
Calculate -11 - -8 - (-8 - (-3 + 0)).
2
0 - ((4 - -1) + -1)
-4
Evaluate 0 - (-5 + 1 + 12 + -4).
-4
What is the value of 1 - 1 - -3 - 7?
-4
Calculate -7 - -5 - (-14 - -7).
5
What is 2 + 4 + (-2 - 5)?
-1
Evaluate (-1 - 7) + (8 - 7) + 5.
-2
Evaluate -1 + -1 + 7 + -4.
1
3 + 1 + (-10 - -6) + 4
4
(10 - (11 - -17)) + 9
-9
Calculate -5 + -2 + (8 + 0 - 6).
-5
-6 - ((-8 - -8) + -5)
-1
Calculate 4 - (-3 - (-2 + -1) - -1).
3
What is 6 + 3 - (2 + 1) - 2?
4
What is the value of 15 + -7 + 3 + -4?
7
Evaluate 8 - (-5 - -26 - 7).
-6
Evaluate -22 + 25 + -2 + 3.
4
What is the value of (12 - 6) + -14 + 5?
-3
15 + 2 + 1 + -12
6
-4 + -2 + 2 + 3
-1
Evaluate 22 - 18 - (6 - 1).
-1
Calculate -9 + 5 + -4 + 3.
-5
What is the value of -6 + (1 - -6 - -4)?
5
7 - -3 - 7 - 10
-7
1 - (4 + -8 + 6)
-1
Evaluate -3 - -4 - (-7 - (-3 + 0)).
5
Evaluate 0 - (0 - (3 + -4)).
-1
(-5 - -4) + (1 - 3)
-3
Evaluate -23 + 6 - (-37 - -23).
-3
What is the value of -9 + -2 + 6 + 3?
-2
(2 - 1 - -3) + (-5 - -6)
5
What is the value of (3 - (3 + -3)) + -1 - 6?
-4
-73 - -64 - (2 + -1)
-10
What is -2 - (-7 - -2 - (15 - 18))?
0
What is (10 + -6 - 1) + -1?
2
Calculate -8 - (-2 + -10 - -6).
-2
Calculate (1 - 3 - 2) + 1.
-3
What is 4 - (0 - (-4 + (3 - 2)))?
1
Evaluate -2 - (4 - -3) - (1 + -8).
-2
-9 - -7 - (3 - (-2 + 15))
8
What is the value of (-3 - (-6 - -6)) + 3?
0
(-1 - -2) + 2 + 0
3
What is 2 + (4 + 1 + -3 - -3)?
7
What is -2 + -8 + 24 + -14?
0
What is -9 + (-1 - (-5 + -3))?
-2
Calculate (4 - 0) + -6 + (-1 - 5).
-8
(0 - -1) + -1 + -2 - 0
-2
Evaluate -7 + 4 + (3 - -3).
3
What is the value of (-5 - -8) + -1 + -1?
1
Calculate -9 - -4 - (5 + -4).
-6
What is the value of (1 - 15) + 6 + 4?
-4
3 + (-4 - (-2 + -1))
2
-3 + (-2 - ((-4 - -5) + -1))
-5
-4 - -11 - 7 - (3 - 2)
-1
What is the value of 9 - (-1 + -1) - (54 + -50)?
7
(0 + 2 - -2) + (-23 - -20)
1
4 + 0 + -2 + -1
1
What is 0 + (5 - 1) - 0?
4
Calculate (-1 - -4) + -25 + 24.
2
Evaluate 38 - 39 - (1 - 7).
5
(0 - 0) + (5 + -3 - 5)
-3
Calculate 7 - (0 - (6 - (4 + 2))).
7
What is the value of 1 + -1 + 3 + (-3 - -1)?
1
What is the value of 4 - (-26 + 22 + 5 + 0)?
3
What is 18 - 13 - (11 - (5 + -2))?
-3
What is the value of 11 + -1 + -5 - 5 - -5?
5
What is the value of -188 - -190 - (-1 + 6)?
-3
Calculate 104 + -108 - (-3 + -1).
0
What is 0 + 0 + -4 - (142 - 141)?
-5
Calculate 1 + 1 + -8 - (1 + -3).
-4
What is the value of 12 + -8 + 7 - 9?
2
3 + (9 - 11) + 1
2
What is 4 - (5 + -7) - 7?
-1
What is 5 - (6 + -4 - -6)?
-3
Calculate -3 + 6 + (-6 - -2) + 5.
4
Evaluate 2 + 2 + -8 + 9.
5
-1 - ((6 - 6) + -5 + 0)
4
Calculate 0 + 1 + -1 + (32 - 29).
3
-2 + (-14 - -9) + -1
-8
-13 + (4 + 9 - 3 - 3)
-6
Evaluate -7 + (-28 - -22 - (-11 + 2)).
-4
Calculate (6 - (-1 + -9 + 5)) + -5.
6
Evaluate 2 - 3 - (-14 - -7 - -5).
1
What is (2 - 7) + (11 - 11) + 6?
1
Evaluate 0 + (6 - ((-1 - -3) + 1))